 of 43731?
3, 43, 113
What are the prime factors of 60053?
7, 23, 373
What are the prime factors of 7934?
2, 3967
List the prime factors of 671.
11, 61
What are the prime factors of 41897?
41897
List the prime factors of 211.
211
List the prime factors of 2104.
2, 263
List the prime factors of 82.
2, 41
What are the prime factors of 5961?
3, 1987
List the prime factors of 7959.
3, 7, 379
List the prime factors of 81893.
7, 11699
List the prime factors of 15176.
2, 7, 271
List the prime factors of 9365.
5, 1873
What are the prime factors of 19937?
19937
List the prime factors of 19688.
2, 23, 107
List the prime factors of 12534.
2, 3, 2089
List the prime factors of 6506.
2, 3253
What are the prime factors of 10388?
2, 7, 53
List the prime factors of 49268.
2, 109, 113
List the prime factors of 39409.
39409
List the prime factors of 7306.
2, 13, 281
What are the prime factors of 354?
2, 3, 59
What are the prime factors of 913?
11, 83
List the prime factors of 5781.
3, 41, 47
What are the prime factors of 858?
2, 3, 11, 13
List the prime factors of 90901.
90901
What are the prime factors of 147?
3, 7
List the prime factors of 10480.
2, 5, 131
What are the prime factors of 50713?
13, 47, 83
What are the prime factors of 35693?
7, 5099
List the prime factors of 5358.
2, 3, 19, 47
What are the prime factors of 915?
3, 5, 61
What are the prime factors of 12866?
2, 7, 919
What are the prime factors of 34507?
11, 3137
What are the prime factors of 907?
907
What are the prime factors of 1650?
2, 3, 5, 11
What are the prime factors of 136997?
7, 19571
What are the prime factors of 37443?
3, 7, 1783
What are the prime factors of 25177?
17, 1481
What are the prime factors of 18612?
2, 3, 11, 47
List the prime factors of 5457.
3, 17, 107
List the prime factors of 170674.
2, 7, 73, 167
What are the prime factors of 5331?
3, 1777
List the prime factors of 339.
3, 113
List the prime factors of 1695.
3, 5, 113
What are the prime factors of 41413?
41413
What are the prime factors of 10472?
2, 7, 11, 17
What are the prime factors of 164?
2, 41
List the prime factors of 2667.
3, 7, 127
List the prime factors of 4548.
2, 3, 379
List the prime factors of 9033.
3, 3011
What are the prime factors of 47054?
2, 7, 3361
List the prime factors of 118008.
2, 3, 11, 149
List the prime factors of 8784.
2, 3, 61
List the prime factors of 5665.
5, 11, 103
List the prime factors of 114665.
5, 17, 19, 71
What are the prime factors of 4306?
2, 2153
List the prime factors of 28280.
2, 5, 7, 101
List the prime factors of 65502.
2, 3, 1213
What are the prime factors of 3882?
2, 3, 647
What are the prime factors of 2136?
2, 3, 89
What are the prime factors of 1136?
2, 71
List the prime factors of 112488.
2, 3, 43, 109
List the prime factors of 606.
2, 3, 101
What are the prime factors of 2495?
5, 499
List the prime factors of 25536.
2, 3, 7, 19
What are the prime factors of 1944?
2, 3
What are the prime factors of 3083?
3083
List the prime factors of 4677.
3, 1559
List the prime factors of 1944.
2, 3
List the prime factors of 1235.
5, 13, 19
List the prime factors of 491.
491
List the prime factors of 7398.
2, 3, 137
What are the prime factors of 229?
229
List the prime factors of 1697.
1697
What are the prime factors of 530?
2, 5, 53
What are the prime factors of 1709?
1709
List the prime factors of 19468.
2, 31, 157
What are the prime factors of 128659?
128659
List the prime factors of 936.
2, 3, 13
What are the prime factors of 1148?
2, 7, 41
What are the prime factors of 67942?
2, 7, 23, 211
What are the prime factors of 14151?
3, 53, 89
List the prime factors of 170947.
7, 24421
What are the prime factors of 4050?
2, 3, 5
List the prime factors of 127226.
2, 11, 5783
What are the prime factors of 174861?
3, 19429
List the prime factors of 3378.
2, 3, 563
List the prime factors of 24651.
3, 11, 83
List the prime factors of 12268.
2, 3067
List the prime factors of 14889.
3, 7, 709
List the prime factors of 28248.
2, 3, 11, 107
List the prime factors of 2664.
2, 3, 37
What are the prime factors of 4666?
2, 2333
What are the prime factors of 12678?
2, 3, 2113
List the prime factors of 11107.
29, 383
What are the prime factors of 16835?
5, 7, 13, 37
List the prime factors of 7607.
7607
List the prime factors of 5893.
71, 83
List the prime factors of 67705.
5, 11, 1231
What are the prime factors of 1266?
2, 3, 211
What are the prime factors of 10149?
3, 17, 199
What are the prime factors of 7226?
2, 3613
What are the prime factors of 3986?
2, 1993
What are the prime factors of 12110?
2, 5, 7, 173
List the prime factors of 5462.
2, 2731
What are the prime factors of 40628?
2, 7, 1451
What are the prime factors of 1100?
2, 5, 11
List the prime factors of 815.
5, 163
What are the prime factors of 2808?
2, 3, 13
What are the prime factors of 11029?
41, 269
List the prime factors of 8580.
2, 3, 5, 11, 13
What are the prime factors of 562?
2, 281
What are the prime factors of 58012?
2, 14503
List the prime factors of 659.
659
List the prime factors of 19236.
2, 3, 7, 229
List the prime factors of 102527.
17, 37, 163
List the prime factors of 12912.
2, 3, 269
What are the prime factors of 44672?
2, 349
List the prime factors of 523.
523
List the prime factors of 113301.
3, 12589
List the prime factors of 36133.
23, 1571
What are the prime factors of 6776?
2, 7, 11
List the prime factors of 378.
2, 3, 7
List the prime factors of 12954.
2, 3, 17, 127
List the prime factors of 26132.
2, 47, 139
List the prime factors of 17452.
2, 4363
List the prime factors of 2828.
2, 7, 101
What are the prime factors of 691?
691
List the prime factors of 23532.
2, 3, 37, 53
List the prime factors of 2587.
13, 199
What are the prime factors of 2569?
7, 367
List the prime factors of 1332.
2, 3, 37
What are the prime factors of 1148?
2, 7, 41
What are the prime factors of 1731?
3, 577
List the prime factors of 59996.
2, 53, 283
List the prime factors of 77325.
3, 5, 1031
What are the prime factors of 222?
2, 3, 37
List the prime factors of 1954.
2, 977
List the prime factors of 3420.
2, 3, 5, 19
What are the prime factors of 30806?
2, 73, 211
What are the prime factors of 25547?
59, 433
What are the prime factors of 1137?
3, 379
What are the prime factors of 10495?
5, 2099
List the prime factors of 6876.
2, 3, 191
List the prime factors of 63732.
2, 3, 47, 113
List the prime factors of 195.
3, 5, 13
List the prime factors of 25748.
2, 41, 157
List the prime factors of 15805.
5, 29, 109
List the prime factors of 50516.
2, 73, 173
What are the prime factors of 958?
2, 479
What are the prime factors of 8739?
3, 971
What are the prime factors of 22690?
2, 5, 2269
List the prime factors of 19276.
2, 61, 79
List the prime factors of 6052.
2, 17, 89
List the prime factors of 88.
2, 11
List the prime factors of 1056.
2, 3, 11
What are the prime factors of 11624?
2, 1453
List the prime factors of 847.
7, 11
What are the prime factors of 3444?
2, 3, 7, 41
What are the prime factors of 50345?
5, 10069
List the prime factors of 1304.
2, 163
List the prime factors of 11365.
5, 2273
What are the prime factors of 2722?
2, 1361
List the prime factors of 35143.
113, 311
What are the prime factors of 1468?
2, 367
What are the prime factors of 5418?
2, 3, 7, 43
List the prime factors of 245.
5, 7
List the prime factors of 103470.
2, 3, 5, 3449
List the prime factors of 5440.
2, 5, 17
List the prime factors of 1601.
1601
List the prime factors of 2964.
2, 3, 13, 19
List the prime factors of 29713.
43, 691
What are the prime factors of 277?
277
List the prime factors of 37862.
2, 11, 1721
What are the prime factors of 24770?
2, 5, 2477
List the prime factors of 2000.
2, 5
What are the prime factors of 3586?
2, 11, 163
List the prime factors of 24319.
83, 293
What are the prime factors of 4502?
2, 2251
What are the prime factors of 83664?
2, 3, 7, 83
List the prime factors of 2964.
2, 3, 13, 19
What are the prime factors of 14180?
2, 5, 709
List the prime factors of 20237.
7, 59
List the prime factors of 1631.
7, 233
List the prime factors of 6545.
5, 7, 11, 17
List the prime factors of 1132.
2, 283
What are the prime factors of 16530?
2, 3, 5, 19, 29
What are the prime factors of 4307?
59, 73
List the prime factors of 2031.
3, 